ded by 19.
17
Suppose 0 = 8*a + 9 - 49. Calculate the remainder when 34 is divided by a.
4
What is the remainder when (-76 + 10)/(-1 - 0) is divided by 21?
3
Suppose 2*z = -10, 0 = 2*q - 6*q + 3*z + 67. What is the remainder when 49 is divided by q?
10
Let q = 536 - 520. What is the remainder when 54 is divided by q?
6
Suppose 5*b - 128 = -3*l, 97 = 5*b - 2*l - 26. Let g = b + -20. Let r(d) = 4*d - 10. Calculate the remainder when 38 is divided by r(g).
8
Suppose -141 = -5*y - 3*v, y = 6*y + 5*v - 145. Let f(t) = 15*t - 358. What is the remainder when f(29) is divided by y?
23
Suppose 2 = 5*v - 8. Let x = -6 + v. What is the remainder when 39 is divided by 256/26 + x/(-26)?
9
Let s(w) = -w - 11. Let l be s(-9). What is the remainder when 37 is divided by (0 - l)*(5 - (5 - 4))?
5
Suppose 0 = -3*u - 2*u + 5. Let z be u/5 - (-54)/(-45). What is the remainder when (-1)/(z/(-2 + 4)) is divided by 2?
0
What is the remainder when 1/(-4) + 565/4 is divided by 42 - (-11 - (-6 - -1))?
45
Let c = -22 + 29. What is the remainder when 130 + (c/2 - 3)*-2 is divided by 26?
25
Let c = 718 - 699. Calculate the remainder when 126 is divided by c.
12
Suppose -174*s = -168*s - 108. Calculate the remainder when 32 is divided by s.
14
Suppose 3*o = 2*o + 25. Let t = -5 + o. Suppose -3*l + u = -235, -4*l = -2*l - 5*u - 161. What is the remainder when l is divided by t?
18
Let t = 5 - 5. Suppose -2*i - 4*o + 42 = t, -4*o = -4*i + o + 149. Suppose f + 2*u = -6, -4*f + i = -2*u - u. Calculate the remainder when 15 is divided by f.
3
Suppose 5*w + 15*u - 343 = 12*u, -u = 2*w - 137. What is the remainder when 406 is divided by w?
66
Suppose -3*c + 26*t = 29*t - 39, 5*t - 35 = -3*c. Calculate the remainder when 201 is divided by c.
6
Let r(a) = 2*a - 1 + 0 + 4. Let v = 261 + -258. What is the remainder when 16 is divided by r(v)?
7
Let q(c) be the second derivative of -1/20*c**5 + 0*c**4 + 2*c - c**2 + 0 + 0*c**3. Calculate the remainder when 8 is divided by q(-2).
2
Suppose -4*d = 2*o - 188, o = -0*o + 3*d + 94. What is the remainder when o is divided by 25?
19
Suppose 0 = 7*i - 6*i - 159. Suppose -156 = -4*c - 3*x + 7*x, 4*c - i = x. Calculate the remainder when c is divided by 21.
19
Let r(z) = z**3 - 35*z**2 - 3*z + 297. What is the remainder when r(35) is divided by 103?
89
Suppose -240 = -0*l + 2*l. Let y = 199 + l. Let k = -45 + y. What is the remainder when k is divided by 12?
10
Suppose 12*y = 9*y + 255. Suppose 2*l - y - 69 = 0. What is the remainder when l is divided by 20?
17
Let s be (-3)/((-63)/(-753)) - 6/42. Let t = 146 + s. Calculate the remainder when t is divided by 37.
36
Let k = 5659 + -5541. Let r(p) = p**2 + 4. What is the remainder when k is divided by r(-6)?
38
Suppose r + 3*r - j = 31, 2*r - 17 = -j. What is the remainder when 60 is divided by r?
4
Let w = 270 + -256. Calculate the remainder when 39 is divided by w.
11
Suppose 123 = 23*m - 20*m. Suppose -5*q = -3*f + 61, 5*q = 2*f + 2*q - m. Calculate the remainder when 62 is divided by f.
18
Let y(f) = -6*f + 23. What is the remainder when 73 is divided by y(0)?
4
Let r = -6 - -11. Let k = -45 + 30. Calculate the remainder when r is divided by (-24)/k + (-2)/(-5).
1
Let f(u) = -u**2 - 20*u + 46. What is the remainder when f(-17) is divided by 50?
47
Suppose 12 = -4*m + 6*m. Let q = -6 + m. Suppose -n + 9 = -q*n. What is the remainder when 24 is divided by n?
6
Let c(n) = -2*n**3 - 2*n**2 - 5*n + 2. Suppose -412*t + 406*t = -240. What is the remainder when c(-4) is divided by t?
38
Let x(p) = p + 23. Let r be x(-13). Calculate the remainder when -1 + r/5 + 20 + 0 is divided by 11.
10
Let t = 8 - 12. Let m be (-4)/(-3)*(-1 - t). Suppose -12 = -m*n - 0*n. Calculate the remainder when 6 is divided by n.
0
Suppose 0 = 5*g + 3*l - 32, 9*l = 4*g + 4*l + 4. Let b be 2/8 + (-1)/g. Suppose n = -b*n + 67. Calculate the remainder when n is divided by 23.
21
Let t = 16 - -2. Suppose -2*f = 1 - 139. Let g = 74 - f. What is the remainder when t is divided by g?
3
Suppose -31 = -4*l + 241. Let d = 115 - l. What is the remainder when d is divided by 10?
7
Suppose -3*p + 9 = -q, 0 = -2*q + p - 22 + 24. Calculate the remainder when 19 is divided by q.
1
Let o = -105 - -138. Let i = -31 + o. Let y = 7 + -3. What is the remainder when y is divided by i?
0
Let u(a) = a**2 + 9*a + 10. Suppose 0 + 64 = -4*k - 5*b, 2*b - 36 = 4*k. What is the remainder when 127 is divided by u(k)?
31
What is the remainder when 84 is divided by 0*(-3)/24 - -43?
41
Let y(s) = -111*s - 1. Calculate the remainder when y(-1) is divided by -1 + 42 - -2*(-15)/10.
34
Suppose -5*o - 5 = -6*o. Suppose 3*r = 2*h + 20, 0*r - 36 = -4*r + 5*h. Let i = r + o. Calculate the remainder when i is divided by 3.
0
Suppose -16*v + 20*v - 36 = 0. Suppose 11*q - v*q - 6 = 0, -4*q = 2*r - 222. Calculate the remainder when r is divided by 37.
31
Let b = -3 + 12. Let c = 21 - b. Let n = -27 + 48. Calculate the remainder when n is divided by c.
9
Calculate the remainder when (-3)/(12/1816)*(-3 + 1) is divided by 19.
15
Let b = 1632 + -1346. Calculate the remainder when b is divided by 80.
46
Let f = -16 + 29. Suppose -12 - 112 = -4*i. Let t = i - 24. Calculate the remainder when f is divided by t.
6
Suppose -3*x + 300 = 135. Calculate the remainder when 324 is divided by x.
49
Let s(q) = -q + 3*q - 50 + 14*q + 66 - q**3 - 15*q**2. Calculate the remainder when 78 is divided by s(-16).
14
Suppose 5*p - 28 = 27. Let h(q) = 2*q - 14. Suppose 14 = 3*y - 5*j, y = -y + 2*j + 8. Calculate the remainder when h(p) is divided by y.
2
Suppose 0 = 33*o + 14*o - 75012. Calculate the remainder when o is divided by 94.
92
Suppose 2*o - 12 = 5*b, -b + 32 = -4*o - 5*b. Let y be -1*o*(-1)/(-2). Calculate the remainder when y/5*(28 + -3) is divided by 6.
4
Suppose 4*u - 96 + 24 = 0. Suppose 4*s - 4*i = -12, -3*s + 3*i - 23 = 2*s. Let l(g) = -11*g - 6. What is the remainder when l(s) is divided by u?
17
Let v(n) be the second derivative of -5*n**3/6 + 3*n**2/2 + 10*n. Let z = 82 + -45. What is the remainder when z is divided by v(-2)?
11
Let l = 16 - 8. Suppose l*o = 9*o. Suppose 0 = 5*i - y - 294, 4*i + y + y - 224 = o. What is the remainder when i is divided by 15?
13
Let n = -208 + 305. Suppose 3*q - 38 - n = 0. Suppose -4*x = -2*j - 5*x + 31, -x + q = 3*j. Calculate the remainder when 27 is divided by j.
13
Suppose -1076 = -17*c + 114. What is the remainder when c is divided by 50?
20
Let k = -12 - -11. Let i be 5 + k + -1 - -62. Suppose -3*w - i = -8*w. Calculate the remainder when w is divided by 4.
1
Let i(w) = 8*w**3 + 2*w**2 - 5*w + 3. What is the remainder when i(1) is divided by 8?
0
Calculate the remainder when 60 is divided by (32 - 4) + 2 - 9.
18
Let j be 7 + (-7 - (-7 - -3)). Suppose 4*s + 8 = 0, -j*s = -3*h + 2*h + 146. Calculate the remainder when h is divided by 20.
18
Let w = -23 + 17. Let p = 25 + w. What is the remainder when 36 is divided by p/(3*(-1)/(-3))?
17
Let t = -306 - -313. Let x(g) = -g**3 - g**2 + 31. Let j be x(0). Suppose -j + t = -2*b. Calculate the remainder when 46 is divided by b.
10
Let p(l) = -2*l**3 - 25*l**2 - 14*l - 12. Calculate the remainder when 191 is divided by p(-12).
11
What is the remainder when (7/(63/12))/((-40)/(-2640)) is divided by 13?
10
Let v(o) = 2*o**2 - 3*o + 5. Suppose -k + 20 = -5. What is the remainder when v(-6) is divided by k?
20
Let q = -20 + 37. Let x be 45/6 + (-4)/(-8). Let s = q - x. Calculate the remainder when 26 is divided by s.
8
What is the remainder when 53 is divided by 15/((-10)/(-3) + -2 + -1)?
8
Suppose -5*l + 14 - 4 = 0. Let w(f) = -f**2 + 10*f + 5. Calculate the remainder when (-3)/l*(-248)/6 is divided by w(8).
20
Let a = 1639 + -1450. Calculate the remainder when a is divided by 24.
21
Suppose 0 = 2*v - 13 - 19. Suppose 3*m + v + 54 = 4*h, 0 = -2*h + 4*m + 30. What is the remainder when 53 is divided by h?
15
Let m(b) = -b**3 - 7*b**2 - 2*b - 16. Calculate the remainder when m(-9) is divided by 21.
17
Let t = 1 - 7. What is the remainder when (-1017)/(-30) - (-1)/10 is divided by (-8)/(-12) + (-68)/t?
10
Let y = -714 - -730. Calculate the remainder when ((-2)/6)/(1/(-129)) is divided by y.
11
Let z = -11 + 4. Let j(g) = g**3 + 7*g**2 - g - 4. What is the remainder when j(z) is divided by -6*(-2)